{"id":892,"date":"2019-10-09T18:21:53","date_gmt":"2019-10-09T16:21:53","guid":{"rendered":"http:\/\/distrifox.be\/?page_id=892"},"modified":"2023-04-17T19:25:33","modified_gmt":"2023-04-17T17:25:33","slug":"chassis-distrifox-sprl","status":"publish","type":"page","link":"https:\/\/distrifox.be\/index.php\/chassis-distrifox-sprl\/","title":{"rendered":"Ch\u00e2ssis"},"content":{"rendered":"<div class=\"fusion-fullwidth fullwidth-box nonhundred-percent-fullwidth non-hundred-percent-height-scrolling\"  style='background-color: rgba(255,255,255,0);background-position: center center;background-repeat: no-repeat;padding-top:0px;padding-right:0px;padding-bottom:0px;padding-left:0px;'><div class=\"fusion-builder-row fusion-row \"><div  class=\"fusion-layout-column fusion_builder_column fusion_builder_column_1_1 fusion-builder-column-1 fusion-one-full fusion-column-first fusion-column-last 1_1\"  style='margin-top:0px;margin-bottom:20px;'>\n\t\t\t\t\t<div class=\"fusion-column-wrapper\" style=\"padding: 0px 0px 0px 0px;background-position:left top;background-repeat:no-repeat;-webkit-background-size:cover;-moz-background-size:cover;-o-background-size:cover;background-size:cover;\"   data-bg-url=\"\">\n\t\t\t\t\t\t<div class=\"fusion-text\"><h4 style=\"text-align: center;\" data-fontsize=\"20\" data-lineheight=\"30\">Quelques r\u00e9alisations<\/h4>\n<p style=\"text-align: center;\"><span class=\"xr_tc Normal_Text\">Le choix des ch\u00e2ssis et porte de garage sont essentiels \u00e0 votre confort et \u00e0 votre s\u00e9curit\u00e9. <\/span><span class=\"xr_tc Normal_Text\">Nous distribuons, nous pla\u00e7ons des ch\u00e2ssis PVC et Aluminium de qualit\u00e9 pour tout budget !<\/span><\/p>\n<p><img loading=\"lazy\" decoding=\"async\" class=\"size-full wp-image-1473 aligncenter\" src=\"https:\/\/distrifox.be\/wp-content\/uploads\/2019\/10\/8862.jpg\" alt=\"\" width=\"157\" height=\"193\"><\/p>\n<p style=\"text-align: center;\"><span class=\"xr_tc Normal_Text\">Nous posons \u00e9galement des ch\u00e2ssis, tant en r\u00e9novation que pour les nouvelles constructions.<\/span><\/p>\n<p style=\"text-align: center; cursor: text;\">\n<\/div><style type=\"text\/css\">.fusion-gallery-1 .fusion-gallery-image {border:0px solid #e5e5e5;}<\/style><div class=\"fusion-gallery fusion-gallery-container fusion-grid-4 fusion-columns-total-0 fusion-gallery-layout-grid fusion-gallery-1\" style=\"margin:-5px;\"><div style=\"padding:5px;\" class=\"fusion-grid-column fusion-gallery-column fusion-gallery-column-4 hover-type-none\"><div class=\"fusion-gallery-image\"><a href=\"https:\/\/distrifox.be\/wp-content\/uploads\/2019\/10\/2015-07-23-15.59.01-distrifox-sprl.jpg\" rel=\"noreferrer\" data-rel=\"iLightbox[gallery_image_1]\" class=\"fusion-lightbox\" target=\"_self\"><img loading=\"lazy\" decoding=\"async\" src=\"https:\/\/distrifox.be\/wp-content\/uploads\/2019\/10\/2015-07-23-15.59.01-distrifox-sprl-400x300.jpg\" width=\"1600\" height=\"1200\" alt=\"\" title=\"2015-07-23 15.59.01 distrifox sprl\" aria-label=\"2015-07-23 15.59.01 distrifox sprl\" class=\"img-responsive wp-image-1441\" srcset=\"https:\/\/distrifox.be\/wp-content\/uploads\/2019\/10\/2015-07-23-15.59.01-distrifox-sprl-200x150.jpg 200w, https:\/\/distrifox.be\/wp-content\/uploads\/2019\/10\/2015-07-23-15.59.01-distrifox-sprl-400x300.jpg 400w, https:\/\/distrifox.be\/wp-content\/uploads\/2019\/10\/2015-07-23-15.59.01-distrifox-sprl-600x450.jpg 600w, https:\/\/distrifox.be\/wp-content\/uploads\/2019\/10\/2015-07-23-15.59.01-distrifox-sprl-800x600.jpg 800w, https:\/\/distrifox.be\/wp-content\/uploads\/2019\/10\/2015-07-23-15.59.01-distrifox-sprl-1200x900.jpg 1200w, https:\/\/distrifox.be\/wp-content\/uploads\/2019\/10\/2015-07-23-15.59.01-distrifox-sprl.jpg 1600w\" sizes=\"(min-width: 2200px) 100vw, (min-width: 916px) 321px, (min-width: 824px) 428px, (min-width: 732px) 643px, (min-width: 640px) 732px, \" \/><\/a><\/div><\/div><div style=\"padding:5px;\" class=\"fusion-grid-column fusion-gallery-column fusion-gallery-column-4 hover-type-none\"><div class=\"fusion-gallery-image\"><a href=\"https:\/\/distrifox.be\/wp-content\/uploads\/2019\/10\/2015-07-24-12.51.13-distrifox-sprl.jpg\" rel=\"noreferrer\" data-rel=\"iLightbox[gallery_image_1]\" class=\"fusion-lightbox\" target=\"_self\"><img loading=\"lazy\" decoding=\"async\" src=\"https:\/\/distrifox.be\/wp-content\/uploads\/2019\/10\/2015-07-24-12.51.13-distrifox-sprl-400x300.jpg\" width=\"1600\" height=\"1200\" alt=\"\" title=\"2015-07-24 12.51.13 distrifox sprl\" aria-label=\"2015-07-24 12.51.13 distrifox sprl\" class=\"img-responsive wp-image-1442\" srcset=\"https:\/\/distrifox.be\/wp-content\/uploads\/2019\/10\/2015-07-24-12.51.13-distrifox-sprl-200x150.jpg 200w, https:\/\/distrifox.be\/wp-content\/uploads\/2019\/10\/2015-07-24-12.51.13-distrifox-sprl-400x300.jpg 400w, https:\/\/distrifox.be\/wp-content\/uploads\/2019\/10\/2015-07-24-12.51.13-distrifox-sprl-600x450.jpg 600w, https:\/\/distrifox.be\/wp-content\/uploads\/2019\/10\/2015-07-24-12.51.13-distrifox-sprl-800x600.jpg 800w, https:\/\/distrifox.be\/wp-content\/uploads\/2019\/10\/2015-07-24-12.51.13-distrifox-sprl-1200x900.jpg 1200w, https:\/\/distrifox.be\/wp-content\/uploads\/2019\/10\/2015-07-24-12.51.13-distrifox-sprl.jpg 1600w\" sizes=\"(min-width: 2200px) 100vw, (min-width: 916px) 321px, (min-width: 824px) 428px, (min-width: 732px) 643px, (min-width: 640px) 732px, \" \/><\/a><\/div><\/div><div style=\"padding:5px;\" class=\"fusion-grid-column fusion-gallery-column fusion-gallery-column-4 hover-type-none\"><div class=\"fusion-gallery-image\"><a href=\"https:\/\/distrifox.be\/wp-content\/uploads\/2019\/10\/2015-07-24-13.21.58-distrifox-sprl.jpg\" rel=\"noreferrer\" data-rel=\"iLightbox[gallery_image_1]\" class=\"fusion-lightbox\" target=\"_self\"><img loading=\"lazy\" decoding=\"async\" src=\"https:\/\/distrifox.be\/wp-content\/uploads\/2019\/10\/2015-07-24-13.21.58-distrifox-sprl-400x300.jpg\" width=\"1600\" height=\"1200\" alt=\"\" title=\"2015-07-24 13.21.58 distrifox sprl\" aria-label=\"2015-07-24 13.21.58 distrifox sprl\" class=\"img-responsive wp-image-1443\" srcset=\"https:\/\/distrifox.be\/wp-content\/uploads\/2019\/10\/2015-07-24-13.21.58-distrifox-sprl-200x150.jpg 200w, https:\/\/distrifox.be\/wp-content\/uploads\/2019\/10\/2015-07-24-13.21.58-distrifox-sprl-400x300.jpg 400w, https:\/\/distrifox.be\/wp-content\/uploads\/2019\/10\/2015-07-24-13.21.58-distrifox-sprl-600x450.jpg 600w, https:\/\/distrifox.be\/wp-content\/uploads\/2019\/10\/2015-07-24-13.21.58-distrifox-sprl-800x600.jpg 800w, https:\/\/distrifox.be\/wp-content\/uploads\/2019\/10\/2015-07-24-13.21.58-distrifox-sprl-1200x900.jpg 1200w, https:\/\/distrifox.be\/wp-content\/uploads\/2019\/10\/2015-07-24-13.21.58-distrifox-sprl.jpg 1600w\" sizes=\"(min-width: 2200px) 100vw, (min-width: 916px) 321px, (min-width: 824px) 428px, (min-width: 732px) 643px, (min-width: 640px) 732px, \" \/><\/a><\/div><\/div><div style=\"padding:5px;\" class=\"fusion-grid-column fusion-gallery-column fusion-gallery-column-4 hover-type-none\"><div class=\"fusion-gallery-image\"><a href=\"https:\/\/distrifox.be\/wp-content\/uploads\/2019\/10\/2015-07-24-13.22.31-distrifox-sprl.jpg\" rel=\"noreferrer\" data-rel=\"iLightbox[gallery_image_1]\" class=\"fusion-lightbox\" target=\"_self\"><img loading=\"lazy\" decoding=\"async\" src=\"https:\/\/distrifox.be\/wp-content\/uploads\/2019\/10\/2015-07-24-13.22.31-distrifox-sprl-400x533.jpg\" width=\"1200\" height=\"1600\" alt=\"\" title=\"2015-07-24 13.22.31 distrifox sprl\" aria-label=\"2015-07-24 13.22.31 distrifox sprl\" class=\"img-responsive wp-image-1444\" srcset=\"https:\/\/distrifox.be\/wp-content\/uploads\/2019\/10\/2015-07-24-13.22.31-distrifox-sprl-200x267.jpg 200w, https:\/\/distrifox.be\/wp-content\/uploads\/2019\/10\/2015-07-24-13.22.31-distrifox-sprl-400x533.jpg 400w, https:\/\/distrifox.be\/wp-content\/uploads\/2019\/10\/2015-07-24-13.22.31-distrifox-sprl-600x800.jpg 600w, https:\/\/distrifox.be\/wp-content\/uploads\/2019\/10\/2015-07-24-13.22.31-distrifox-sprl-800x1067.jpg 800w, https:\/\/distrifox.be\/wp-content\/uploads\/2019\/10\/2015-07-24-13.22.31-distrifox-sprl.jpg 1200w\" sizes=\"(min-width: 2200px) 100vw, (min-width: 916px) 321px, (min-width: 824px) 428px, (min-width: 732px) 643px, (min-width: 640px) 732px, \" \/><\/a><\/div><\/div><div class=\"clearfix\"><\/div><div style=\"padding:5px;\" class=\"fusion-grid-column fusion-gallery-column fusion-gallery-column-4 hover-type-none\"><div class=\"fusion-gallery-image\"><a href=\"https:\/\/distrifox.be\/wp-content\/uploads\/2019\/10\/2015-07-24-14.18.12-distrifox-sprl.jpg\" rel=\"noreferrer\" data-rel=\"iLightbox[gallery_image_1]\" class=\"fusion-lightbox\" target=\"_self\"><img loading=\"lazy\" decoding=\"async\" src=\"https:\/\/distrifox.be\/wp-content\/uploads\/2019\/10\/2015-07-24-14.18.12-distrifox-sprl-400x300.jpg\" width=\"1600\" height=\"1200\" alt=\"\" title=\"2015-07-24 14.18.12 distrifox sprl\" aria-label=\"2015-07-24 14.18.12 distrifox sprl\" class=\"img-responsive wp-image-1445\" srcset=\"https:\/\/distrifox.be\/wp-content\/uploads\/2019\/10\/2015-07-24-14.18.12-distrifox-sprl-200x150.jpg 200w, https:\/\/distrifox.be\/wp-content\/uploads\/2019\/10\/2015-07-24-14.18.12-distrifox-sprl-400x300.jpg 400w, https:\/\/distrifox.be\/wp-content\/uploads\/2019\/10\/2015-07-24-14.18.12-distrifox-sprl-600x450.jpg 600w, https:\/\/distrifox.be\/wp-content\/uploads\/2019\/10\/2015-07-24-14.18.12-distrifox-sprl-800x600.jpg 800w, https:\/\/distrifox.be\/wp-content\/uploads\/2019\/10\/2015-07-24-14.18.12-distrifox-sprl-1200x900.jpg 1200w, https:\/\/distrifox.be\/wp-content\/uploads\/2019\/10\/2015-07-24-14.18.12-distrifox-sprl.jpg 1600w\" sizes=\"(min-width: 2200px) 100vw, (min-width: 916px) 321px, (min-width: 824px) 428px, (min-width: 732px) 643px, (min-width: 640px) 732px, \" \/><\/a><\/div><\/div><div style=\"padding:5px;\" class=\"fusion-grid-column fusion-gallery-column fusion-gallery-column-4 hover-type-none\"><div class=\"fusion-gallery-image\"><a href=\"https:\/\/distrifox.be\/wp-content\/uploads\/2019\/10\/2015-07-24-14.18.13-distrifox-sprl.jpg\" rel=\"noreferrer\" data-rel=\"iLightbox[gallery_image_1]\" class=\"fusion-lightbox\" target=\"_self\"><img loading=\"lazy\" decoding=\"async\" src=\"https:\/\/distrifox.be\/wp-content\/uploads\/2019\/10\/2015-07-24-14.18.13-distrifox-sprl-400x300.jpg\" width=\"1600\" height=\"1200\" alt=\"\" title=\"SAMSUNG CAMERA PICTURES\" aria-label=\"SAMSUNG CAMERA PICTURES\" class=\"img-responsive wp-image-1446\" srcset=\"https:\/\/distrifox.be\/wp-content\/uploads\/2019\/10\/2015-07-24-14.18.13-distrifox-sprl-200x150.jpg 200w, https:\/\/distrifox.be\/wp-content\/uploads\/2019\/10\/2015-07-24-14.18.13-distrifox-sprl-400x300.jpg 400w, https:\/\/distrifox.be\/wp-content\/uploads\/2019\/10\/2015-07-24-14.18.13-distrifox-sprl-600x450.jpg 600w, https:\/\/distrifox.be\/wp-content\/uploads\/2019\/10\/2015-07-24-14.18.13-distrifox-sprl-800x600.jpg 800w, https:\/\/distrifox.be\/wp-content\/uploads\/2019\/10\/2015-07-24-14.18.13-distrifox-sprl-1200x900.jpg 1200w, https:\/\/distrifox.be\/wp-content\/uploads\/2019\/10\/2015-07-24-14.18.13-distrifox-sprl.jpg 1600w\" sizes=\"(min-width: 2200px) 100vw, (min-width: 916px) 321px, (min-width: 824px) 428px, (min-width: 732px) 643px, (min-width: 640px) 732px, \" \/><\/a><\/div><\/div><div style=\"padding:5px;\" class=\"fusion-grid-column fusion-gallery-column fusion-gallery-column-4 hover-type-none\"><div class=\"fusion-gallery-image\"><a href=\"https:\/\/distrifox.be\/wp-content\/uploads\/2019\/10\/VDS_010-distrifox-sprl.jpg\" rel=\"noreferrer\" data-rel=\"iLightbox[gallery_image_1]\" class=\"fusion-lightbox\" target=\"_self\"><img loading=\"lazy\" decoding=\"async\" src=\"https:\/\/distrifox.be\/wp-content\/uploads\/2019\/10\/VDS_010-distrifox-sprl-400x300.jpg\" width=\"1600\" height=\"1200\" alt=\"\" title=\"SAMSUNG CAMERA PICTURES\" aria-label=\"SAMSUNG CAMERA PICTURES\" class=\"img-responsive wp-image-1447\" srcset=\"https:\/\/distrifox.be\/wp-content\/uploads\/2019\/10\/VDS_010-distrifox-sprl-200x150.jpg 200w, https:\/\/distrifox.be\/wp-content\/uploads\/2019\/10\/VDS_010-distrifox-sprl-400x300.jpg 400w, https:\/\/distrifox.be\/wp-content\/uploads\/2019\/10\/VDS_010-distrifox-sprl-600x450.jpg 600w, https:\/\/distrifox.be\/wp-content\/uploads\/2019\/10\/VDS_010-distrifox-sprl-800x600.jpg 800w, https:\/\/distrifox.be\/wp-content\/uploads\/2019\/10\/VDS_010-distrifox-sprl-1200x900.jpg 1200w, https:\/\/distrifox.be\/wp-content\/uploads\/2019\/10\/VDS_010-distrifox-sprl.jpg 1600w\" sizes=\"(min-width: 2200px) 100vw, (min-width: 916px) 321px, (min-width: 824px) 428px, (min-width: 732px) 643px, (min-width: 640px) 732px, \" \/><\/a><\/div><\/div><div style=\"padding:5px;\" class=\"fusion-grid-column fusion-gallery-column fusion-gallery-column-4 hover-type-none\"><div class=\"fusion-gallery-image\"><a href=\"https:\/\/distrifox.be\/wp-content\/uploads\/2019\/10\/VDS_011-distrifox-sprl.jpg\" rel=\"noreferrer\" data-rel=\"iLightbox[gallery_image_1]\" class=\"fusion-lightbox\" target=\"_self\"><img loading=\"lazy\" decoding=\"async\" src=\"https:\/\/distrifox.be\/wp-content\/uploads\/2019\/10\/VDS_011-distrifox-sprl-400x300.jpg\" width=\"1600\" height=\"1200\" alt=\"\" title=\"SAMSUNG CAMERA PICTURES\" aria-label=\"SAMSUNG CAMERA PICTURES\" class=\"img-responsive wp-image-1448\" srcset=\"https:\/\/distrifox.be\/wp-content\/uploads\/2019\/10\/VDS_011-distrifox-sprl-200x150.jpg 200w, https:\/\/distrifox.be\/wp-content\/uploads\/2019\/10\/VDS_011-distrifox-sprl-400x300.jpg 400w, https:\/\/distrifox.be\/wp-content\/uploads\/2019\/10\/VDS_011-distrifox-sprl-600x450.jpg 600w, https:\/\/distrifox.be\/wp-content\/uploads\/2019\/10\/VDS_011-distrifox-sprl-800x600.jpg 800w, https:\/\/distrifox.be\/wp-content\/uploads\/2019\/10\/VDS_011-distrifox-sprl-1200x900.jpg 1200w, https:\/\/distrifox.be\/wp-content\/uploads\/2019\/10\/VDS_011-distrifox-sprl.jpg 1600w\" sizes=\"(min-width: 2200px) 100vw, (min-width: 916px) 321px, (min-width: 824px) 428px, (min-width: 732px) 643px, (min-width: 640px) 732px, \" \/><\/a><\/div><\/div><div class=\"clearfix\"><\/div><\/div><div class=\"fusion-clearfix\"><\/div>\n\n\t\t\t\t\t<\/div>\n\t\t\t\t<\/div><\/div><\/div>\n","protected":false},"excerpt":{"rendered":"","protected":false},"author":1,"featured_media":0,"parent":0,"menu_order":0,"comment_status":"closed","ping_status":"closed","template":"","meta":{"footnotes":""},"_links":{"self":[{"href":"https:\/\/distrifox.be\/index.php\/wp-json\/wp\/v2\/pages\/892"}],"collection":[{"href":"https:\/\/distrifox.be\/index.php\/wp-json\/wp\/v2\/pages"}],"about":[{"href":"https:\/\/distrifox.be\/index.php\/wp-json\/wp\/v2\/types\/page"}],"author":[{"embeddable":true,"href":"https:\/\/distrifox.be\/index.php\/wp-json\/wp\/v2\/users\/1"}],"replies":[{"embeddable":true,"href":"https:\/\/distrifox.be\/index.php\/wp-json\/wp\/v2\/comments?post=892"}],"version-history":[{"count":6,"href":"https:\/\/distrifox.be\/index.php\/wp-json\/wp\/v2\/pages\/892\/revisions"}],"predecessor-version":[{"id":4144,"href":"https:\/\/distrifox.be\/index.php\/wp-json\/wp\/v2\/pages\/892\/revisions\/4144"}],"wp:attachment":[{"href":"https:\/\/distrifox.be\/index.php\/wp-json\/wp\/v2\/media?parent=892"}],"curies":[{"name":"wp","href":"https:\/\/api.w.org\/{rel}","templated":true}]}}